et m = 7198456 + -3068475. Is m a prime number?
True
Suppose -139*g + 55940137 + 40906584 = 0. Is g a composite number?
True
Suppose -9*k = -6*k + 2*o - 150037, 15 = 3*o. Is k prime?
False
Suppose -17*w + 582533 = -3967704. Is w prime?
True
Let x = -31732 - -70255. Is x a composite number?
True
Is (-12774164)/(-24) + 286/(-156) a prime number?
False
Let k(d) = d**3 + 23*d**2 + 8*d + 183. Let l be k(-23). Let r(v) = 138*v - 306*v - 385*v + 4. Is r(l) a prime number?
True
Suppose -q = -5*q - 12. Let w(b) be the second derivative of -b**5/4 - b**4/6 - b**3/3 - b**2 - 184*b. Is w(q) a composite number?
True
Let g(j) be the third derivative of 11*j**5/60 - j**4/4 - 13*j**3/3 + 53*j**2. Is g(-9) composite?
False
Suppose 245 = -5*y + 5*d, -3*y + 8*y = -4*d - 254. Let x = y - -2249. Is x prime?
False
Let n(o) = -6*o - 147. Let t be n(-26). Suppose -t*a = -4*a + 5*v - 34505, -v - 34493 = -5*a. Is a a prime number?
True
Suppose 2729827 = -38*j + 42*j - 3*s, 0 = -3*j - 5*s + 2047392. Is j prime?
False
Let y be 12/15 + (3 - (-6)/5). Suppose 6*q - q = -y. Is ((-11)/22)/(q/2188) composite?
True
Let i = -44012 + 64173. Is i a composite number?
False
Let q(z) = -59*z + 4721. Is q(0) a prime number?
True
Let g = 99 - 80. Let o(h) = 6*h**3 - 20*h**2 - 15*h - 120. Is o(g) a composite number?
False
Let w(u) = 74*u**2 - u - 17. Let v be w(-6). Suppose -5*g + 4*n = -v, -3*n = 2*g - 8*n - 1051. Is g prime?
False
Let f(y) = -1510*y**2 - 4*y - 10. Let s(t) = -t**3 - 8*t**2 - 10*t + 9. Let q be s(-6). Let r be f(q). Is (-1)/12*3 - r/16 a prime number?
False
Let i = -6816 - -17765. Suppose 10*v = 6141 + i. Is v a prime number?
True
Is 1893063/9 + (182/(-21))/(-13) a composite number?
True
Suppose -486 = -s + 5*l - l, 1000 = 2*s - l. Let n = 1150 - s. Suppose 3*w - 3009 - n = 0. Is w prime?
False
Suppose -50*z = -95*z + 49*z - 932012. Is z a composite number?
True
Suppose -o = 3*p - 6414959, 4*p - 5629803 = o + 2923485. Is p prime?
True
Let l = 239 + -523. Let m = l - -3181. Is m a composite number?
False
Let f = 89931 - -83066. Is f prime?
False
Let l = -58 - -37. Let v = -13 - l. Suppose v*y - 1529 = 7919. Is y a composite number?
False
Let n(c) be the first derivative of 53*c**2/2 + 82*c - 14. Let v(p) = -26*p - 42. Let j(k) = 3*n(k) + 5*v(k). Is j(15) a prime number?
False
Suppose 134*o = -80*o + 67*o + 2662611. Is o prime?
False
Let m be (-100)/(-16) + 6 - 1/4. Let z be (164/m)/(1/(-3)). Let h = 1842 - z. Is h composite?
True
Let x be (-16354)/(-2) + (-6 - -9). Let b = -5569 + x. Is b prime?
False
Let w be 4/(-14) - 120/70. Is (-104)/(-52)*((-2309)/w + 0) composite?
False
Suppose 4291793 + 6936528 = 95*x + 1563306. Is x composite?
False
Let j(g) = 109*g**3 + 30*g**2 - 146*g - 78. Is j(7) composite?
True
Suppose -u + 1662 = -a, -6308 = -3*u - a - 1342. Let r = u + -2466. Let v = -222 - r. Is v a composite number?
False
Suppose -112970073 = 349*k - 478*k. Is k a composite number?
True
Suppose 0 = -14*x - 34*x + 5239632. Is x prime?
True
Suppose 0 = 4*c - 3*c + 2*v + 6, -4*c = -4*v - 12. Suppose c = 5*o + 4*x - 1060 + 27238, -3*x - 5229 = o. Let n = -3391 - o. Is n composite?
False
Suppose -3*j - 3*h - 42 = 0, -3*h + 7*h - 42 = 3*j. Is 5 - 7203/j - 3/(-2) prime?
True
Suppose 47*x - 96*x = -48*x - 235159. Is x a prime number?
True
Is ((-4)/(-60)*-5)/((-2)/1392294) composite?
False
Suppose -43*i + 39*i - 3440 = 0. Let a be 4/(-30) + i/300. Is 587 + (0 - (1 - a)) a prime number?
False
Suppose 6*t - 4*l = 4*t + 27458, -2*t + 27472 = 3*l. Is t prime?
False
Let i = -888 - 73. Let a = i - -294. Let x = -314 - a. Is x composite?
False
Suppose 280226 = -11*k + 642722 + 648503. Is k a prime number?
True
Let q = 329837 + -173298. Is q prime?
True
Let p(x) be the first derivative of 712*x**3/3 - 7*x**2/2 + 9*x + 29. Is p(-4) composite?
True
Let o(d) = 2*d**2 + 17*d - 131. Is o(-30) a prime number?
False
Suppose 624006 = -123*a + 141*a. Is a a composite number?
False
Suppose -93*c = -94*c + 3. Suppose -c*r + 2*p + 1135 = 0, 2*r + 2*p - 753 = 7*p. Is r a prime number?
True
Let s(g) = 127*g**2 + 141*g + 121. Is s(-33) prime?
False
Suppose -137947576 = 114*i - 218*i. Is i composite?
False
Suppose -16*o = 3*r - 13*o - 69, -3*r - 5*o + 75 = 0. Is 405*1 - (r + -24) prime?
True
Let w(z) = 599*z**2 - 21*z - 505. Is w(-13) a composite number?
False
Suppose 0 = h - 9*h + 16. Suppose 4 = -0*i - h*i + z, -2*z + 8 = -i. Suppose 0 = 5*p + 3*f - 4985, i = 2*p + 2*p + 2*f - 3988. Is p a composite number?
False
Suppose 0 = -5*p - 4*d + 421, 9*d = -2*p + 13*d + 146. Is (-54)/p*(-4071)/2 a composite number?
True
Let t(p) = 17*p**3 + 15*p**2 - 26*p + 9. Let n(y) = y**3 + 2*y**2 - 11*y + 2. Let w be n(3). Is t(w) prime?
False
Suppose -5*f = -b + 3, 5*b + 31*f = 29*f + 42. Suppose 0 = 3*k - 12, b*h + k = 4*h + 12440. Is h a composite number?
False
Suppose 20565 + 11087 = 4*r. Suppose -2601 - r = -2*w. Is w composite?
True
Suppose -8*h = -13*h - 5955. Let n = h - -458. Let j = 1072 + n. Is j a composite number?
True
Let v(f) = -432*f - 53. Let z be v(-8). Let r = -1746 + z. Is r prime?
True
Let v(z) = -7*z**2 - 3*z + 10. Let w be v(-5). Let t = w + 154. Suppose t*h + 335 = -y + 1310, -4*y = h - 3870. Is y prime?
True
Suppose 3*m + 4*u = 141133, -541*m - 3*u - 94117 = -543*m. Is m a prime number?
True
Let c(t) = -2*t**2 + 9*t + 11. Let v be c(7). Let q = v - -29. Suppose 5*y - 2807 = 2*k, -2*y + q*k = -1604 + 498. Is y a composite number?
False
Let s(h) = -h**2 + h + 14. Let z be s(4). Let c be (8/4)/((-1)/z). Is 293*(-3)/(c - -1) a prime number?
True
Let b(l) be the third derivative of 3*l**4/2 + 11*l**3/6 - 22*l**2. Let c be b(6). Let r = c - 148. Is r prime?
True
Let w be -3086*(-4)/32*4. Let c = -1074 + w. Is c prime?
False
Suppose -8*r + 7894 = -19562. Suppose -r = -w + 3*k - 307, 0 = -5*w + 5*k + 15635. Suppose -2*z + 1599 = -5*d, -d = -4*z - 5*d + w. Is z a composite number?
False
Let p be (6 - (2 + 0)) + 40/8. Suppose p*d = 12*d - 29931. Is d a composite number?
True
Let n(v) = -4*v**3 - 23*v**2 - 50*v - 16. Let r(z) = -z**3 + 9*z**2 - 16*z - 1. Let o be r(7). Is n(o) composite?
False
Suppose -3*j + 10 = f, -2*j + 11 = 5. Let z be f/(-1) + 2560/4. Suppose -4*v = -4501 - z. Is v a prime number?
False
Suppose 4*g - 3505 = -s + 1612, 0 = 2*g - 4*s - 2536. Let b be (g/(-45) - -2)/(3/(-10)). Let q = 207 + b. Is q composite?
True
Let z(g) = 92*g**3 - 6*g**2 + 22*g - 47. Let p be z(8). Let h = p + -20162. Is h a composite number?
False
Let n be (-26)/10 - 6/(-10). Let i be 4*(-5)/(-40)*n. Is (-116)/(-4)*i*46/(-2) prime?
False
Let f(z) = 3133*z**2 - 139*z + 5. Is f(3) composite?
True
Let r be (-8)/(-24)*16*(-2670)/(-8). Let t = 2180 - 412. Suppose 0 = 6*j - j + 5*h - r, -t = -5*j - h. Is j composite?
False
Let q(s) be the third derivative of -103*s**4/24 - 33*s**3/2 + 55*s**2. Is q(-26) a composite number?
False
Let t = -259 + 264. Suppose 0 = 25*f - t*f - 44740. Is f composite?
False
Suppose 51*y - 57*y + 29*y - 5219551 = 0. Is y a composite number?
False
Let h(j) = -14*j**2 + 2*j - 2*j - 5*j + 18 - 2. Let u be h(7). Let l = -254 - u. Is l prime?
False
Suppose 6063*f = 6023*f + 927400. Is f a composite number?
True
Suppose -14*a - 134950 = 7*a - 31*a. Is a composite?
True
Let b = 33 - 60. Let y(x) = 27*x + 4. Let s be y(-6). Let f = b - s. Is f composite?
False
Let p = 62644 + -34470. Suppose 13*t - p = 4261. Is t composite?
True
Suppose -81*n - 145585 = -167*n + 81*n. Is n a composite number?
True
Let a = 11586 - -7345. Is a composite?
True
Suppose -3*j + 2*z = 2734, 5*j + 4*z - z = -4544. Let p = j - -2945. Suppose -5*h + 5*b = -p, 2*h - 3*b - 808 = 2*b. Is h prime?
True
Let y(b) = -20*b**3 + 9*b**2 + 27. Let k(p) = -59*p**3 + 26*p**2 + p + 82. Let l(r) = 4*k(r) - 11*y(r). Is l(-6) a composite number?
False
Let b be 2*3/2 + -3 + -4. Let o(n) = -367*n - 7. Let f be o(b). Suppose f = -4*t + 5017. Is t a prime number?
False
Let g(c) = 26983*c - 6440. Is g(57) a composite number?
False
Let q(f) = 5368*f**3 + 3*f**2 - 31*f + 79. Is q(3) prime?
False
Let q(o) = -8*o + 203. Let c be q(26). Is (-10)/(-5) + (4489 - 10/c) a composite number?
False
Let k = 197210 + -13551. Is k composite?
True
Suppose 5*b = -5*v + 624855, 33*b + 624857 = 5*v + 37*b. Is v prime?
False
Let g be 117265 + (0 - 7) - 8. Is -7 + g/